What is the greatest common factor of 37924205 and 163966?
2827
What is the greatest common divisor of 1710148 and 5412?
44
What is the greatest common divisor of 156 and 13853892?
156
What is the highest common factor of 11392 and 704524?
356
What is the greatest common factor of 7104 and 43295624?
296
Calculate the highest common divisor of 60362974 and 25298.
1946
What is the greatest common divisor of 233768784 and 48?
48
What is the highest common factor of 469 and 281936?
67
Calculate the highest common factor of 293009 and 951234.
113
What is the greatest common divisor of 173550 and 102?
6
Calculate the greatest common factor of 1837 and 1266683.
11
Calculate the greatest common divisor of 1141857 and 5715.
1143
What is the highest common divisor of 14275527 and 6?
3
What is the highest common factor of 55744482 and 2034?
678
Calculate the greatest common factor of 1740 and 715150.
10
What is the greatest common factor of 152389625 and 1625?
125
What is the greatest common factor of 95 and 5827319?
19
Calculate the greatest common divisor of 334200061 and 533.
533
Calculate the greatest common divisor of 203736 and 4758.
78
What is the highest common factor of 132360 and 4440?
120
Calculate the highest common divisor of 1143680 and 20480.
640
What is the highest common divisor of 7260 and 43920?
60
What is the greatest common divisor of 1272 and 114822963?
159
What is the highest common factor of 545 and 17919055?
545
Calculate the highest common factor of 1196 and 49303904.
1196
Calculate the greatest common divisor of 35263125 and 25.
25
Calculate the highest common factor of 2578590 and 20.
10
Calculate the highest common divisor of 33984 and 631632.
48
Calculate the greatest common factor of 224 and 110261690.
14
What is the highest common factor of 226 and 27494143?
113
Calculate the highest common factor of 904974 and 28977.
2229
Calculate the greatest common divisor of 93416231 and 4323.
131
What is the greatest common factor of 91 and 744200821?
91
What is the greatest common divisor of 27726 and 176998163?
4621
Calculate the greatest common divisor of 585 and 577655.
65
Calculate the highest common factor of 79626988 and 4452.
1484
What is the greatest common divisor of 17904 and 64656?
48
Calculate the greatest common factor of 954087 and 43710.
93
Calculate the highest common factor of 19643898 and 54.
6
What is the highest common factor of 59607296 and 16?
16
Calculate the greatest common divisor of 24740922 and 262.
262
Calculate the highest common factor of 364 and 39462332.
364
What is the highest common divisor of 2150588 and 3256?
1628
What is the greatest common divisor of 439937 and 650044?
163
What is the greatest common divisor of 2387628 and 710964?
1044
What is the greatest common factor of 102828 and 422598?
1254
Calculate the highest common divisor of 4105805 and 15.
5
What is the highest common divisor of 2884925 and 192050?
4175
What is the greatest common factor of 22376769 and 12?
3
Calculate the greatest common divisor of 25948413 and 261.
9
What is the highest common factor of 438 and 1655202?
438
Calculate the greatest common factor of 663 and 1290759.
51
What is the highest common divisor of 1199 and 514602?
11
What is the greatest common factor of 73981905 and 795?
795
What is the greatest common divisor of 7657599 and 1649?
17
What is the highest common factor of 188827 and 265?
1
What is the greatest common factor of 196706 and 853504?
3334
Calculate the highest common divisor of 1811259723 and 651.
651
Calculate the greatest common factor of 68603 and 10480768.
2213
Calculate the greatest common factor of 1 and 51157264.
1
Calculate the highest common factor of 1234639 and 475.
19
Calculate the highest common factor of 2751618 and 152.
38
Calculate the highest common divisor of 990 and 19646190.
90
Calculate the greatest common factor of 17811388 and 130788.
4844
What is the highest common factor of 2464 and 3128832?
224
What is the highest common factor of 682868 and 13113?
31
What is the highest common divisor of 115 and 31565614?
23
What is the greatest common factor of 183458 and 6202?
2
Calculate the highest common divisor of 46386 and 17298.
18
Calculate the greatest common divisor of 44246852 and 15028.
884
Calculate the highest common factor of 1029621 and 6855.
1371
What is the greatest common factor of 9371206 and 77818?
1066
Calculate the greatest common divisor of 25 and 1049765725.
25
What is the highest common divisor of 38690 and 417640?
530
Calculate the greatest common factor of 1496 and 7131806.
374
What is the greatest common divisor of 23 and 8540383?
23
What is the greatest common divisor of 80 and 265848896?
16
Calculate the greatest common factor of 4340343 and 4263.
609
Calculate the greatest common factor of 25764892 and 2214.
82
Calculate the greatest common divisor of 1031080 and 38108440.
6920
Calculate the greatest common divisor of 70 and 1555370.
10
What is the highest common factor of 14700 and 785666?
98
What is the greatest common divisor of 27827536 and 256?
16
What is the greatest common factor of 1010424 and 15816?
24
Calculate the greatest common divisor of 6801 and 7689.
3
What is the greatest common factor of 56 and 27008848?
8
Calculate the greatest common divisor of 180672 and 232.
8
Calculate the highest common divisor of 315666 and 685026.
342
Calculate the greatest common factor of 24752350 and 245.
245
Calculate the highest common divisor of 882156616 and 264.
88
What is the greatest common factor of 23519236 and 52?
52
Calculate the greatest common divisor of 20244 and 3494018.
482
What is the highest common divisor of 2378976 and 23592?
24
Calculate the highest common factor of 26477 and 35358.
83
What is the highest common factor of 7292691 and 3717?
63
Calculate the highest common factor of 841 and 1011849991.
841
What is the highest common divisor of 19581436 and 592?
148
Calculate the greatest common divisor of 6672 and 648240.
48
Calculate the highest common divisor of 651 and 5230239.
21
Calculate the greatest common divisor of 1636485 and 210219.
237
What is the greatest common divisor of 6 and 4823013?
3
Calculate the highest common factor of 280 and 958184.
8
What is the greatest common factor of 394525 and 2150?
1075
What is the greatest common factor of 204931 and 16?
1
Calculate the highest common divisor of 603 and 482333.
67
Calculate the greatest common divisor of 321496 and 1624.
56
Calculate the highest common factor of 55393312 and 832.
416
Calculate the highest common divisor of 28625 and 4325.
25
What is the greatest common divisor of 57393 and 423990?
63
What is the highest common factor of 3325420 and 139930?
70
What is the greatest common factor of 505 and 68348114?
101
Calculate the greatest common factor of 54 and 23948703.
27
Calculate the highest common factor of 98771328 and 36.
36
What is the greatest common divisor of 23661990 and 5140?
2570
Calculate the highest common divisor of 77145 and 280645.
185
Calculate the highest common factor of 24582 and 6681.
51
Calculate the greatest common factor of 6606067 and 169.
13
What is the highest common factor of 972 and 10641324?
12
Calculate the greatest common divisor of 2767698 and 288.
18
What is the greatest common factor of 1349079 and 116?
1
Calculate the highest common factor of 26523 and 2475.
9
Calculate the greatest common factor of 504072034 and 1.
1
Calculate the greatest common factor of 35606755 and 2635.
2635
Calculate the greatest common factor of 3 and 10495479.
3
Calculate the highest common divisor of 223469 and 4.
1
Calculate the highest common divisor of 868602 and 102.
6
What is the highest common divisor of 868214279 and 83?
83
Calculate the highest common divisor of 1770 and 2884038.
354
What is the highest common factor of 490 and 402044216?
98
What is the greatest common factor of 27 and 1052393607?
27
What is the highest common factor of 265963 and 6340?
317
Calculate the greatest common divisor of 4583513 and 26609.
451
What is the highest common divisor of 22825 and 15917?
11
What is the greatest common factor of 4758381 and 450?
9
Calculate the greatest common divisor of 218788620 and 36.
12
What is the highest common divisor of 63 and 447948868